{"id":16,"date":"2020-06-11T15:17:03","date_gmt":"2020-06-11T13:17:03","guid":{"rendered":"http:\/\/a2sexpert.com\/?page_id=16"},"modified":"2020-06-22T08:48:31","modified_gmt":"2020-06-22T06:48:31","slug":"carrieres","status":"publish","type":"page","link":"https:\/\/www.a2sexpert.com\/index.php\/carrieres\/","title":{"rendered":"Carri\u00e8res"},"content":{"rendered":"\n<h2 class=\"has-text-align-center\"><strong>Offres d&#8217;emploi<\/strong><\/h2>\n\n\n\n<p>D\u00e9couvrez dans cet espace les offres d\u2019emploi actuellement disponibles.<\/p>\n\n\n\n<p>Rejoignez d\u00e8s \u00e0 pr\u00e9sent nos \u00e9quipes ! Alors soyez les bienvenus chez A2S EXPERT.<\/p>\n\n\n<div class=\"wp-block-themeisle-blocks-posts-grid is-list has-shadow\"><div class=\"wp-block-themeisle-blocks-posts-grid-post-blog wp-block-themeisle-blocks-posts-grid-post-plain\"><div class=\"wp-block-themeisle-blocks-posts-grid-post\"><div class=\"wp-block-themeisle-blocks-posts-grid-post-image\"><a href=\"https:\/\/www.a2sexpert.com\/index.php\/2020\/06\/18\/ingenieur-systeme-linux-ansible-h-f\/\"><img width=\"640\" height=\"425\" src=\"https:\/\/www.a2sexpert.com\/wp-content\/uploads\/2020\/06\/block-chain-2850276_640.jpg\" class=\"attachment-full size-full\" alt=\"\" loading=\"lazy\" srcset=\"https:\/\/www.a2sexpert.com\/wp-content\/uploads\/2020\/06\/block-chain-2850276_640.jpg 640w, https:\/\/www.a2sexpert.com\/wp-content\/uploads\/2020\/06\/block-chain-2850276_640-300x199.jpg 300w, https:\/\/www.a2sexpert.com\/wp-content\/uploads\/2020\/06\/block-chain-2850276_640-360x240.jpg 360w\" sizes=\"(max-width: 640px) 100vw, 640px\" \/><\/a><\/div><div class=\"wp-block-themeisle-blocks-posts-grid-post-body\"><span class=\"wp-block-themeisle-blocks-posts-grid-post-category\">Carri\u00e8res<\/span><h5 class=\"wp-block-themeisle-blocks-posts-grid-post-title\"><a href=\"https:\/\/www.a2sexpert.com\/index.php\/2020\/06\/18\/ingenieur-systeme-linux-ansible-h-f\/\">Ing\u00e9nieur syst\u00e8me Linux\/Ansible (H\/F)<\/a><\/h5><p class=\"wp-block-themeisle-blocks-posts-grid-post-meta\">on <time datetime=\"2020-06-18T15:35:38+02:00\">18 juin, 2020<\/time> by admin5391<\/p><p class=\"wp-block-themeisle-blocks-posts-grid-post-description\">Nous sommes \u00e0 la recherche d&rsquo;un Ing\u00e9nieur syst\u00e8me Linux, Ansible, Cloud. Lieu : Noisy-Le-Grand (93) Date : ASAP Dur\u00e9e : 6 mois minimum Mission : gestion des incidents, support N3, installati\u2026<\/p><\/div><\/div><\/div><\/div>","protected":false},"excerpt":{"rendered":"<p>Offres d&#8217;emploi D\u00e9couvrez dans cet espace les offres d\u2019emploi actuellement disponibles. Rejoignez d\u00e8s \u00e0 pr\u00e9sent nos \u00e9quipes ! Alors soyez les bienvenus chez A2S EXPERT.<\/p>\n","protected":false},"author":1,"featured_media":101,"parent":0,"menu_order":0,"comment_status":"closed","ping_status":"closed","template":"","meta":[],"yoast_head":"<!-- This site is optimized with the Yoast SEO plugin v16.0.2 - https:\/\/yoast.com\/wordpress\/plugins\/seo\/ -->\n<title>Carri\u00e8res - A2S EXPERT<\/title>\n<link rel=\"canonical\" href=\"https:\/\/www.a2sexpert.com\/index.php\/carrieres\/\" \/>\n<meta property=\"og:locale\" content=\"fr_FR\" \/>\n<meta property=\"og:type\" content=\"article\" \/>\n<meta property=\"og:title\" content=\"Carri\u00e8res - A2S EXPERT\" \/>\n<meta property=\"og:description\" content=\"Offres d&#8217;emploi D\u00e9couvrez dans cet espace les offres d\u2019emploi actuellement disponibles. Rejoignez d\u00e8s \u00e0 pr\u00e9sent nos \u00e9quipes ! Alors soyez les bienvenus chez A2S EXPERT.\" \/>\n<meta property=\"og:url\" content=\"https:\/\/www.a2sexpert.com\/index.php\/carrieres\/\" \/>\n<meta property=\"og:site_name\" content=\"A2S EXPERT\" \/>\n<meta property=\"article:modified_time\" content=\"2020-06-22T06:48:31+00:00\" \/>\n<meta property=\"og:image\" content=\"https:\/\/www.a2sexpert.com\/wp-content\/uploads\/2020\/06\/a2sjob.jpg\" \/>\n\t<meta property=\"og:image:width\" content=\"1280\" \/>\n\t<meta property=\"og:image:height\" content=\"853\" \/>\n<meta name=\"twitter:card\" content=\"summary_large_image\" \/>\n<script type=\"application\/ld+json\" class=\"yoast-schema-graph\">{\"@context\":\"https:\/\/schema.org\",\"@graph\":[{\"@type\":\"Organization\",\"@id\":\"https:\/\/www.a2sexpert.com\/#organization\",\"name\":\"a2sexpert\",\"url\":\"https:\/\/www.a2sexpert.com\/\",\"sameAs\":[\"https:\/\/www.linkedin.com\/company\/a2s-informatique\"],\"logo\":{\"@type\":\"ImageObject\",\"@id\":\"https:\/\/www.a2sexpert.com\/#logo\",\"inLanguage\":\"fr-FR\",\"url\":\"https:\/\/www.a2sexpert.com\/wp-content\/uploads\/2020\/06\/A2S-Expert-V1-01-1.png\",\"width\":2084,\"height\":2084,\"caption\":\"a2sexpert\"},\"image\":{\"@id\":\"https:\/\/www.a2sexpert.com\/#logo\"}},{\"@type\":\"WebSite\",\"@id\":\"https:\/\/www.a2sexpert.com\/#website\",\"url\":\"https:\/\/www.a2sexpert.com\/\",\"name\":\"A2SEXPERT\",\"description\":\"A2S EXPERT tout un savoir faire!\",\"publisher\":{\"@id\":\"https:\/\/www.a2sexpert.com\/#organization\"},\"potentialAction\":[{\"@type\":\"SearchAction\",\"target\":\"https:\/\/www.a2sexpert.com\/?s={search_term_string}\",\"query-input\":\"required name=search_term_string\"}],\"inLanguage\":\"fr-FR\"},{\"@type\":\"ImageObject\",\"@id\":\"https:\/\/www.a2sexpert.com\/index.php\/carrieres\/#primaryimage\",\"inLanguage\":\"fr-FR\",\"url\":\"https:\/\/www.a2sexpert.com\/wp-content\/uploads\/2020\/06\/a2sjob.jpg\",\"width\":1280,\"height\":853},{\"@type\":\"WebPage\",\"@id\":\"https:\/\/www.a2sexpert.com\/index.php\/carrieres\/#webpage\",\"url\":\"https:\/\/www.a2sexpert.com\/index.php\/carrieres\/\",\"name\":\"Carri\\u00e8res - A2S EXPERT\",\"isPartOf\":{\"@id\":\"https:\/\/www.a2sexpert.com\/#website\"},\"primaryImageOfPage\":{\"@id\":\"https:\/\/www.a2sexpert.com\/index.php\/carrieres\/#primaryimage\"},\"datePublished\":\"2020-06-11T13:17:03+00:00\",\"dateModified\":\"2020-06-22T06:48:31+00:00\",\"breadcrumb\":{\"@id\":\"https:\/\/www.a2sexpert.com\/index.php\/carrieres\/#breadcrumb\"},\"inLanguage\":\"fr-FR\",\"potentialAction\":[{\"@type\":\"ReadAction\",\"target\":[\"https:\/\/www.a2sexpert.com\/index.php\/carrieres\/\"]}]},{\"@type\":\"BreadcrumbList\",\"@id\":\"https:\/\/www.a2sexpert.com\/index.php\/carrieres\/#breadcrumb\",\"itemListElement\":[{\"@type\":\"ListItem\",\"position\":1,\"item\":{\"@type\":\"WebPage\",\"@id\":\"https:\/\/www.a2sexpert.com\/\",\"url\":\"https:\/\/www.a2sexpert.com\/\",\"name\":\"Accueil\"}},{\"@type\":\"ListItem\",\"position\":2,\"item\":{\"@type\":\"WebPage\",\"@id\":\"https:\/\/www.a2sexpert.com\/index.php\/carrieres\/\",\"url\":\"https:\/\/www.a2sexpert.com\/index.php\/carrieres\/\",\"name\":\"Carri\\u00e8res\"}}]}]}<\/script>\n<!-- \/ Yoast SEO plugin. -->","_links":{"self":[{"href":"https:\/\/www.a2sexpert.com\/index.php\/wp-json\/wp\/v2\/pages\/16"}],"collection":[{"href":"https:\/\/www.a2sexpert.com\/index.php\/wp-json\/wp\/v2\/pages"}],"about":[{"href":"https:\/\/www.a2sexpert.com\/index.php\/wp-json\/wp\/v2\/types\/page"}],"author":[{"embeddable":true,"href":"https:\/\/www.a2sexpert.com\/index.php\/wp-json\/wp\/v2\/users\/1"}],"replies":[{"embeddable":true,"href":"https:\/\/www.a2sexpert.com\/index.php\/wp-json\/wp\/v2\/comments?post=16"}],"version-history":[{"count":17,"href":"https:\/\/www.a2sexpert.com\/index.php\/wp-json\/wp\/v2\/pages\/16\/revisions"}],"predecessor-version":[{"id":330,"href":"https:\/\/www.a2sexpert.com\/index.php\/wp-json\/wp\/v2\/pages\/16\/revisions\/330"}],"wp:featuredmedia":[{"embeddable":true,"href":"https:\/\/www.a2sexpert.com\/index.php\/wp-json\/wp\/v2\/media\/101"}],"wp:attachment":[{"href":"https:\/\/www.a2sexpert.com\/index.php\/wp-json\/wp\/v2\/media?parent=16"}],"curies":[{"name":"wp","href":"https:\/\/api.w.org\/{rel}","templated":true}]}}