{"id":2,"date":"2020-06-10T22:55:19","date_gmt":"2020-06-10T20:55:19","guid":{"rendered":"http:\/\/a2sexpert.com\/?page_id=2"},"modified":"2020-06-27T14:23:37","modified_gmt":"2020-06-27T12:23:37","slug":"acceuil-a2s-expert","status":"publish","type":"page","link":"https:\/\/www.a2sexpert.com\/","title":{"rendered":"A2S Expert"},"content":{"rendered":"\n<h2 class=\"has-text-align-center\"><strong>Qui sommes-nous&nbsp;?<\/strong><\/h2>\n\n\n\n<p>A2S EXPERT est une Entreprise de Services du Num\u00e9rique dont l\u2019acronyme ESN pourrait aussi \u00eatre \u00ab&nbsp;Entreprise S\u00e9rieusement Novatrice&nbsp;\u00bb&nbsp;! &nbsp;Port\u00e9 par l\u2019envie d\u2019innover et de s\u2019adapter dans un secteur de l\u2019Informatique en perp\u00e9tuelle mutation, le groupe \u00e9volue continuellement au c\u0153ur de la transformation et des m\u00e9tiers du num\u00e9rique.&nbsp;<\/p>\n\n\n\n<p>Fort d\u2019une exp\u00e9rience solide, A2S Expert entretient avec ses clients de v\u00e9ritables relations humaines qui vont bien au-del\u00e0 de nos simples interventions techniques.<\/p>\n\n\n\n<p>N\u2019attendez plus, confiez votre informatique \u00e0 nos \u00e9quipes d\u2019experts ! Nous sommes \u00e0 votre \u00e9coute pour vous apporter des solutions adapt\u00e9es, innovantes et durables.<\/p>\n\n\n\n<p><\/p>\n","protected":false},"excerpt":{"rendered":"<p>Qui sommes-nous&nbsp;? A2S EXPERT est une Entreprise de Services du Num\u00e9rique dont l\u2019acronyme ESN pourrait aussi \u00eatre \u00ab&nbsp;Entreprise S\u00e9rieusement Novatrice&nbsp;\u00bb&nbsp;! &nbsp;Port\u00e9 par l\u2019envie d\u2019innover et de s\u2019adapter dans un secteur de l\u2019Informatique en perp\u00e9tuelle mutation, le groupe \u00e9volue continuellement au c\u0153ur de la transformation et des m\u00e9tiers du num\u00e9rique.&nbsp; Fort [&hellip;]<\/p>\n","protected":false},"author":1,"featured_media":101,"parent":0,"menu_order":0,"comment_status":"closed","ping_status":"closed","template":"","meta":[],"yoast_head":"<!-- This site is optimized with the Yoast SEO plugin v16.0.2 - https:\/\/yoast.com\/wordpress\/plugins\/seo\/ -->\n<title>A2S Expert - A2S EXPERT<\/title>\n<link rel=\"canonical\" href=\"https:\/\/www.a2sexpert.com\/\" \/>\n<meta property=\"og:locale\" content=\"fr_FR\" \/>\n<meta property=\"og:type\" content=\"article\" \/>\n<meta property=\"og:title\" content=\"A2S Expert - A2S EXPERT\" \/>\n<meta property=\"og:description\" content=\"Qui sommes-nous&nbsp;? A2S EXPERT est une Entreprise de Services du Num\u00e9rique dont l\u2019acronyme ESN pourrait aussi \u00eatre \u00ab&nbsp;Entreprise S\u00e9rieusement Novatrice&nbsp;\u00bb&nbsp;! &nbsp;Port\u00e9 par l\u2019envie d\u2019innover et de s\u2019adapter dans un secteur de l\u2019Informatique en perp\u00e9tuelle mutation, le groupe \u00e9volue continuellement au c\u0153ur de la transformation et des m\u00e9tiers du num\u00e9rique.&nbsp; Fort [&hellip;]\" \/>\n<meta property=\"og:url\" content=\"https:\/\/www.a2sexpert.com\/\" \/>\n<meta property=\"og:site_name\" content=\"A2S EXPERT\" \/>\n<meta property=\"article:modified_time\" content=\"2020-06-27T12:23:37+00:00\" \/>\n<meta property=\"og:image\" content=\"https:\/\/www.a2sexpert.com\/wp-content\/uploads\/2020\/06\/a2sjob.jpg\" \/>\n\t<meta property=\"og:image:width\" content=\"1280\" \/>\n\t<meta property=\"og:image:height\" content=\"853\" \/>\n<meta name=\"twitter:card\" content=\"summary_large_image\" \/>\n<meta name=\"twitter:label1\" content=\"Dur\u00e9e de lecture est.\">\n\t<meta name=\"twitter:data1\" content=\"1 minute\">\n<script type=\"application\/ld+json\" class=\"yoast-schema-graph\">{\"@context\":\"https:\/\/schema.org\",\"@graph\":[{\"@type\":\"Organization\",\"@id\":\"https:\/\/www.a2sexpert.com\/#organization\",\"name\":\"a2sexpert\",\"url\":\"https:\/\/www.a2sexpert.com\/\",\"sameAs\":[\"https:\/\/www.linkedin.com\/company\/a2s-informatique\"],\"logo\":{\"@type\":\"ImageObject\",\"@id\":\"https:\/\/www.a2sexpert.com\/#logo\",\"inLanguage\":\"fr-FR\",\"url\":\"https:\/\/www.a2sexpert.com\/wp-content\/uploads\/2020\/06\/A2S-Expert-V1-01-1.png\",\"width\":2084,\"height\":2084,\"caption\":\"a2sexpert\"},\"image\":{\"@id\":\"https:\/\/www.a2sexpert.com\/#logo\"}},{\"@type\":\"WebSite\",\"@id\":\"https:\/\/www.a2sexpert.com\/#website\",\"url\":\"https:\/\/www.a2sexpert.com\/\",\"name\":\"A2SEXPERT\",\"description\":\"A2S EXPERT tout un savoir faire!\",\"publisher\":{\"@id\":\"https:\/\/www.a2sexpert.com\/#organization\"},\"potentialAction\":[{\"@type\":\"SearchAction\",\"target\":\"https:\/\/www.a2sexpert.com\/?s={search_term_string}\",\"query-input\":\"required name=search_term_string\"}],\"inLanguage\":\"fr-FR\"},{\"@type\":\"ImageObject\",\"@id\":\"https:\/\/www.a2sexpert.com\/#primaryimage\",\"inLanguage\":\"fr-FR\",\"url\":\"https:\/\/www.a2sexpert.com\/wp-content\/uploads\/2020\/06\/a2sjob.jpg\",\"width\":1280,\"height\":853},{\"@type\":\"WebPage\",\"@id\":\"https:\/\/www.a2sexpert.com\/#webpage\",\"url\":\"https:\/\/www.a2sexpert.com\/\",\"name\":\"A2S Expert - A2S EXPERT\",\"isPartOf\":{\"@id\":\"https:\/\/www.a2sexpert.com\/#website\"},\"primaryImageOfPage\":{\"@id\":\"https:\/\/www.a2sexpert.com\/#primaryimage\"},\"datePublished\":\"2020-06-10T20:55:19+00:00\",\"dateModified\":\"2020-06-27T12:23:37+00:00\",\"breadcrumb\":{\"@id\":\"https:\/\/www.a2sexpert.com\/#breadcrumb\"},\"inLanguage\":\"fr-FR\",\"potentialAction\":[{\"@type\":\"ReadAction\",\"target\":[\"https:\/\/www.a2sexpert.com\/\"]}]},{\"@type\":\"BreadcrumbList\",\"@id\":\"https:\/\/www.a2sexpert.com\/#breadcrumb\",\"itemListElement\":[{\"@type\":\"ListItem\",\"position\":1,\"item\":{\"@type\":\"WebPage\",\"@id\":\"https:\/\/www.a2sexpert.com\/\",\"url\":\"https:\/\/www.a2sexpert.com\/\",\"name\":\"Accueil\"}},{\"@type\":\"ListItem\",\"position\":2,\"item\":{\"@type\":\"WebPage\",\"@id\":\"https:\/\/www.a2sexpert.com\/\",\"url\":\"https:\/\/www.a2sexpert.com\/\",\"name\":\"A2S Expert\"}}]}]}<\/script>\n<!-- \/ Yoast SEO plugin. -->","_links":{"self":[{"href":"https:\/\/www.a2sexpert.com\/index.php\/wp-json\/wp\/v2\/pages\/2"}],"collection":[{"href":"https:\/\/www.a2sexpert.com\/index.php\/wp-json\/wp\/v2\/pages"}],"about":[{"href":"https:\/\/www.a2sexpert.com\/index.php\/wp-json\/wp\/v2\/types\/page"}],"author":[{"embeddable":true,"href":"https:\/\/www.a2sexpert.com\/index.php\/wp-json\/wp\/v2\/users\/1"}],"replies":[{"embeddable":true,"href":"https:\/\/www.a2sexpert.com\/index.php\/wp-json\/wp\/v2\/comments?post=2"}],"version-history":[{"count":6,"href":"https:\/\/www.a2sexpert.com\/index.php\/wp-json\/wp\/v2\/pages\/2\/revisions"}],"predecessor-version":[{"id":333,"href":"https:\/\/www.a2sexpert.com\/index.php\/wp-json\/wp\/v2\/pages\/2\/revisions\/333"}],"wp:featuredmedia":[{"embeddable":true,"href":"https:\/\/www.a2sexpert.com\/index.php\/wp-json\/wp\/v2\/media\/101"}],"wp:attachment":[{"href":"https:\/\/www.a2sexpert.com\/index.php\/wp-json\/wp\/v2\/media?parent=2"}],"curies":[{"name":"wp","href":"https:\/\/api.w.org\/{rel}","templated":true}]}}